the greatest common divisor of 82418567 and 5236?
1309
Calculate the greatest common factor of 508013443 and 161.
161
What is the greatest common factor of 1099 and 38042984?
1099
Calculate the highest common divisor of 168590534 and 266.
266
Calculate the highest common factor of 4923453 and 5682.
2841
What is the greatest common factor of 86568377 and 223?
223
What is the highest common factor of 2243575730 and 61?
61
Calculate the highest common divisor of 1220 and 147121630.
610
Calculate the greatest common factor of 12312 and 11393217.
1539
Calculate the highest common factor of 29958383 and 1729.
1729
What is the greatest common factor of 2899 and 271673541?
223
Calculate the greatest common factor of 94051 and 10347918.
577
What is the highest common divisor of 143 and 17442073?
11
Calculate the greatest common factor of 941311 and 49.
7
What is the highest common factor of 2886 and 30944173?
481
Calculate the greatest common factor of 43044 and 1700.
68
Calculate the greatest common divisor of 1275 and 153255.
255
Calculate the greatest common divisor of 12385207 and 19.
19
Calculate the greatest common divisor of 15529 and 277985.
53
What is the greatest common factor of 6253632 and 53928?
504
Calculate the highest common divisor of 66272 and 77368.
152
What is the greatest common factor of 1268760 and 88290?
3270
Calculate the highest common factor of 193 and 2.
1
Calculate the highest common divisor of 166660276 and 234912.
9788
What is the highest common divisor of 545816 and 128?
8
What is the highest common divisor of 176134 and 1610?
322
Calculate the greatest common divisor of 798 and 49378350.
42
What is the greatest common divisor of 220349 and 619193?
1231
Calculate the highest common divisor of 49504 and 4816406.
238
Calculate the greatest common divisor of 7564 and 371471822.
3782
Calculate the highest common divisor of 9607084 and 9652.
76
Calculate the highest common factor of 49093004 and 14100.
188
What is the highest common factor of 18589524 and 240?
12
Calculate the greatest common factor of 250644684 and 36.
12
What is the highest common factor of 125090703 and 1?
1
What is the highest common factor of 1441145016 and 9?
9
What is the greatest common factor of 1201 and 1349304284?
1201
What is the highest common divisor of 1227 and 19980059?
409
Calculate the greatest common factor of 188 and 11096089.
47
What is the greatest common divisor of 94 and 891848077?
47
Calculate the greatest common factor of 176 and 3711132.
4
What is the highest common divisor of 360634167 and 3438?
1719
What is the highest common divisor of 590050 and 850?
50
What is the highest common factor of 2662490 and 928?
58
What is the greatest common divisor of 2189180 and 21014?
266
What is the greatest common factor of 90 and 22346235?
45
Calculate the highest common factor of 19602 and 392766.
726
Calculate the greatest common divisor of 214948 and 6410972.
1972
Calculate the greatest common divisor of 37 and 144510826.
37
Calculate the highest common factor of 259673 and 693557.
3287
What is the greatest common factor of 495510 and 297555?
1245
What is the greatest common divisor of 2139844 and 329?
7
What is the greatest common divisor of 5569314 and 444?
222
What is the greatest common factor of 16 and 46122704?
16
Calculate the highest common factor of 636456 and 278024.
184
What is the highest common factor of 25456104 and 3384?
72
Calculate the highest common factor of 133358764 and 132.
44
What is the greatest common divisor of 197 and 1396713058?
197
What is the highest common factor of 1334904 and 384?
24
Calculate the greatest common divisor of 2623760 and 240.
80
Calculate the greatest common factor of 100709284 and 8528.
2132
What is the highest common factor of 21 and 382030117?
7
What is the highest common factor of 49696761 and 114?
57
What is the highest common factor of 165998896 and 84?
28
What is the greatest common factor of 53541487 and 19?
19
Calculate the greatest common factor of 13 and 114648313.
13
What is the highest common divisor of 246647 and 2983?
157
Calculate the greatest common factor of 55714025 and 8600.
1075
Calculate the highest common divisor of 24863041 and 2744.
343
What is the greatest common factor of 204 and 1270678974?
102
What is the greatest common factor of 145 and 436189?
29
What is the highest common factor of 55986 and 70494?
186
What is the greatest common factor of 49344866 and 126458?
2386
Calculate the highest common divisor of 7259 and 714833.
119
What is the greatest common factor of 48824620 and 104?
52
What is the greatest common divisor of 102 and 6056454?
102
What is the highest common divisor of 118221 and 2140779?
753
Calculate the highest common factor of 2124 and 39461.
1
Calculate the greatest common divisor of 511 and 49468377.
511
Calculate the greatest common factor of 5549843 and 26.
13
Calculate the highest common divisor of 264 and 2340448.
88
Calculate the greatest common factor of 1990884 and 2058700.
4844
Calculate the greatest common factor of 24138364 and 12.
4
What is the greatest common divisor of 31832 and 1685256?
184
What is the greatest common factor of 122 and 39977204?
122
What is the highest common divisor of 127648812 and 16?
4
What is the highest common divisor of 241936541 and 58157?
3421
What is the highest common divisor of 24130 and 558266854?
4826
What is the greatest common factor of 140948 and 721774?
334
Calculate the highest common divisor of 162123998 and 5631.
1877
What is the highest common divisor of 52741982 and 422?
422
What is the highest common factor of 988504 and 6626992?
1912
Calculate the highest common factor of 5712 and 2187424.
272
Calculate the greatest common divisor of 30324092 and 7298.
82
What is the highest common factor of 18225 and 43296525?
6075
What is the greatest common factor of 90092 and 390668?
404
Calculate the greatest common factor of 8239 and 11336650.
107
Calculate the highest common divisor of 43371 and 2013552.
711
Calculate the greatest common factor of 8371 and 1358437509.
8371
Calculate the highest common factor of 1620 and 2437872.
12
Calculate the highest common divisor of 2875 and 171718.
23
What is the highest common divisor of 3648 and 120192?
192
What is the highest common divisor of 32032 and 33572448?
2912
Calculate the greatest common factor of 1508 and 7729892.
116
What is the highest common divisor of 72681768 and 6?
6
Calculate the highest common divisor of 274207 and 139453.
37
Calculate the highest common factor of 505104 and 168.
24
What is the greatest common divisor of 574 and 15770363?
287
Calculate the highest common factor of 234944190 and 65.
65
Calculate the greatest common divisor of 1584 and 129307167.
99
What is the highest common factor of 2575240 and 1280?
40
What is the highest common factor of 60291 and 16533?
99
What is the greatest common factor of 4776 and 4721872?
1592
Calculate the highest common divisor of 4952 and 296678034.
1238
What is the highest common factor of 667730546 and 392?
98
What is the greatest common factor of 2200 and 157660?
20
Calculate the greatest common divisor of 384406 and 4499.
11
What is the highest common divisor of 4105 and 420352?
821
What is the greatest common factor of 64376 and 1421843?
619
What is the greatest common factor of 9747 and 180782739?
513
Calculate the highest common factor of 3179900 and 700.
100
What is the greatest common divisor of 197612 and 8128?
508
What is the highest common divisor of 111104 and 486948?
868
What is the greatest common divisor of 68 and 271469804?
68
What is the highest common divisor of 715 and 283096?
11
Calculate the greatest common factor of 152 and 46540568.
8
What is the highest common factor of 165 and 54935595?
165
What is the greatest common factor of 2616 and 40863882?
654
Calculate the greatest common divisor of 31 and 33654065.
31
What is the highest common factor of 160600 and 3038200?
2200
What is the highest common divisor of 125259 and 97997?
43
What is the highest common factor of 15320 and 34313736?
3064
What is the highest common divisor of 517 and 40018?
11
What is the highest common divisor of 1141 and 1123559?
163
Calculate the highest common factor of 615 and 29761203.
123
